 5*u - 5. What is the remainder when m(-5) is divided by v(3)?
16
Suppose -2*d + 6 = -0. Suppose -d*c + 27 = f - 18, 12 = -4*f. Calculate the remainder when c is divided by 9.
7
Let d be -5*4/(-10) - -5. Let g(y) = -y**3 + 8*y**2 - 5*y + 1. What is the remainder when g(d) is divided by 4?
3
Let p = -1 - -11. Calculate the remainder when p is divided by 6.
4
Suppose 8*q + 2*m = 9*q - 26, -3*q - 2*m = -62. Suppose x + 5 = 17. Calculate the remainder when q is divided by x.
10
Let c be (-324)/(-42) + (-2)/(-7). Let v be (c/(-6))/(1/9). Let f = v + 20. Calculate the remainder when 14 is divided by f.
6
Let c(d) = -15*d - 1. Calculate the remainder when c(-1) is divided by 5.
4
Let w(p) = -p**2 + p - 2. Let m be w(4). Let z = m + 30. What is the remainder when 29 is divided by z?
13
Let x(z) = 3*z + 1. Let i = -12 + 22. Calculate the remainder when x(9) is divided by i.
8
Let q = 294 - 188. What is the remainder when q is divided by 28?
22
Let c(b) = 12*b - 1. Let q(z) = 12*z - 1. Let m(h) = 7*c(h) - 6*q(h). What is the remainder when m(6) is divided by 18?
17
Suppose 209 = 5*t + z, -4*t + 170 = -z - z. What is the remainder when t + 6/(3 - 0) is divided by 23?
21
Let v = 2 - 17. Let f = -7 - v. What is the remainder when 23 is divided by f?
7
Suppose 10*j - 7*j = 27. What is the remainder when 17 is divided by j?
8
Let l = 66 - 36. Let r = 64 - l. Suppose -f - 4*u = -3*u - 16, -3*u + 24 = f. What is the remainder when r is divided by f?
10
Suppose 54 = 4*p - 2*p. Suppose 4*d - 205 - p = 0. What is the remainder when d is divided by 20?
18
Suppose -k = -2*z - 58, -4*k + 3*z + 65 + 177 = 0. What is the remainder when k is divided by 13?
10
Let a(j) = 25*j - 1. Let z be a(3). Suppose l + l - z = 0. Let u = 1 + 12. What is the remainder when l is divided by u?
11
Suppose f + 5*j + 4 - 33 = 0, 3*f - j - 7 = 0. Suppose -f*c - 4*y = -76, 5*c + 3*y = 4*y + 119. Calculate the remainder when 89 is divided by c.
20
Suppose 0*n + 5*n - 25 = -2*z, 0 = 4*z + 5*n - 65. Calculate the remainder when 110 is divided by (84/15)/(4/z).
26
Let u(v) = -3*v - 9. Let l(k) = -k - 4. Let t(j) = 14*l(j) - 6*u(j). Let g be t(-5). Let x = 40 + g. What is the remainder when x is divided by 10?
8
Suppose 4*m - 4 = 0, 0*g + g + 3*m = 40. Suppose -20 = -2*n - 5*k, 3*n = -2*n + k + 104. What is the remainder when g is divided by n?
17
Let m = 4 + 8. Calculate the remainder when ((-10)/8)/(3/(-108)) is divided by m.
9
Calculate the remainder when ((-7)/(-4))/(-5 + 722/144) is divided by 43.
40
Suppose 12*r - 88 = 8*r. What is the remainder when 64 is divided by r?
20
Let h = 28 - 22. What is the remainder when 4 is divided by (h - 2)*(-3)/(-4)?
1
Let p(b) = b**3 + 7*b**2 - 10*b - 7. Let x be p(-8). Let q = -7 + x. What is the remainder when 4 is divided by q?
0
Let b(g) = -g + 15. What is the remainder when 16 + 1 + (5 - 1) is divided by b(7)?
5
Suppose 3*o = -a - 3*a + 127, 5*a - 4*o - 151 = 0. Suppose 5*s + 9 = 3*x, 4*x - 5*s - 17 = -0*x. Calculate the remainder when a is divided by x.
7
Let p = 19 + 3. What is the remainder when 33 is divided by p?
11
Suppose 3*g = -2*g - 20. Let i = 26 + -18. Calculate the remainder when 6/g*(-232)/12 is divided by i.
5
Let q(h) = h**3 + 12*h**2 + 21*h + 19. Suppose -4*z + 2*o + 128 = 0, 6*z - 2*z + 3*o = 138. What is the remainder when z is divided by q(-10)?
6
Suppose 5*m - 2*m - z = 148, 2*z = -3*m + 145. Calculate the remainder when m is divided by 10.
9
Suppose -g + 55 = -4*s, 5*g + 0*s = 2*s + 293. Let p = g - 28. What is the remainder when p is divided by 16?
15
Let p(x) = 26*x**2 - 2*x - 1. What is the remainder when p(-2) is divided by 22?
19
Let p = 7 - 4. Suppose -5*c + 29 = o, 2*c + 7 = p*o - 3*c. What is the remainder when 34 is divided by o?
7
Let r(d) be the second derivative of -d**5/20 + d**4/2 - 2*d**3/3 + d**2/2 + 2*d. Suppose 0*u = 5*u - 80. Calculate the remainder when u is divided by r(5).
4
Suppose 0*c - c + 30 = 0. What is the remainder when 119 is divided by c?
29
Let d(o) = o**3 + 11*o**2 + 9*o - 5. Let r be d(-10). Suppose 0 = 5*a - 2*c - 3 - 4, -8 = 4*a - r*c. Calculate the remainder when 5 is divided by a.
2
Let l = 78 + 27. Suppose 5*w + 0*w = l. What is the remainder when 39 is divided by w?
18
Let p = 1 + 2. Suppose 4*w = 85 + p. Calculate the remainder when w is divided by 12.
10
Let a be 4/14 + (-432)/(-56). Calculate the remainder when ((-20)/a)/((-2)/8) is divided by 6.
4
Suppose 3*x + 9 = 3*s, 0 = 2*s + s - 9. Suppose -4*w + 5 = -4*a + 29, x = -4*a - 3*w + 24. What is the remainder when 10 is divided by a?
4
Let r(l) = -l**2 - 6*l - 2. Suppose b - 15 = -2*b. Calculate the remainder when r(-4) is divided by (-45)/(-18)*8/b.
2
Let i = -23 + 34. What is the remainder when 20 is divided by i?
9
Let f be (-1 - 20)/(3/(-2)). Suppose 5*o + 2*w = -37, 2*o + 4*w + 32 = -2*o. Let p = f + o. Calculate the remainder when 12 is divided by p.
5
Let y = 21 + 7. Suppose -3*q = 3*z - 2 - 34, -y = -2*z - q. Calculate the remainder when 61 is divided by z.
13
What is the remainder when (2/4)/(1/2) is divided by 1?
0
What is the remainder when 23 + 1 + -9 + 13 is divided by 10?
8
Suppose 2*c = -c - 6. Let z(n) = -n**3 - n - 2. Let m be z(c). Suppose -8 = -d - 3*s, -3*s = -s + m. Calculate the remainder when d is divided by 11.
9
Suppose -z - 2*k = -5*z + 184, 0 = -5*z + k + 230. Suppose -o + z = o. What is the remainder when o is divided by 8?
7
Let o(y) = -4*y - 6. What is the remainder when 52 is divided by o(-6)?
16
Suppose 0 = -5*t + 2*t + 123. Suppose 0 = -5*u + 9 + t. Calculate the remainder when 27 is divided by u.
7
Let j be 8*83/2 + -2. Suppose j = r - 4*r. What is the remainder when 2*(-3)/(12/r) is divided by 19?
17
Suppose 4*h = 2*p + 14, 2*h + 0*h + 5*p - 37 = 0. Calculate the remainder when 10 is divided by h.
4
Suppose -4*k = -2*x, -4*k + 1 = -3. Suppose 4*m = x*j - m - 76, -j = m - 24. Let f = 9 - -6. What is the remainder when j is divided by f?
13
Suppose 0 = -4*s + 53 + 183. Suppose 0 = -3*k - 20 + s. What is the remainder when 24 is divided by k?
11
Suppose -15 = 3*s + 30. Let l = s - -19. What is the remainder when 5 is divided by l?
1
Let l be (9/(-3))/6*-10. Let t = 34 - l. Calculate the remainder when t is divided by 10.
9
Let u(o) = -o**2 + 6*o - 1. Let a(x) = x. Let h(s) = -6*a(s) + u(s). Let c be h(3). What is the remainder when 28 is divided by (-148)/c + (-2)/(-10)?
13
Let q(v) = 3*v - 4*v + 0 + 8. Calculate the remainder when 57 is divided by q(-7).
12
Suppose 4*n - 80 = -0*n - 2*m, -46 = -2*n + 2*m. Calculate the remainder when 62 is divided by n.
20
Suppose 9 = -y + 3*i, 3*y - 4*i + 22 = 5. Let l = y + 6. Calculate the remainder when 8 is divided by l.
2
What is the remainder when (-1240)/10*(2/(-4) - 0) is divided by 17?
11
Suppose -2*f + 34 = 5*i + 2*f, -f + 46 = 5*i. Suppose 3*q + 2*y - 44 = 0, 2*q - 16 = -3*y - y. Calculate the remainder when q is divided by i.
8
Let r(m) = -5*m. Suppose 0 = -3*q - 6. Let w = 2 + 4. Calculate the remainder when r(q) is divided by w.
4
What is the remainder when -4*36/(-32) - (-2)/4 is divided by 4?
1
Suppose -2*k + 1 = -4*s - 1, -5*s = -5*k + 15. Suppose 2*p = -2*p - 12. What is the remainder when k is divided by (0/1)/p + 3?
2
What is the remainder when (-8)/(-1) - (-8)/(40/(-15)) is divided by 3?
2
Let k be -1 - (-1 - 1 - -1). Suppose -w + 17 = -2*m, k = -2*w + 2*m + m + 29. What is the remainder when 12 is divided by w?
5
Let y(w) = -w**3 + 7*w**2 + 11*w - 8. Suppose 25 = -4*x + 5*u, 0*x - 4*u = -4*x - 20. What is the remainder when 2/(-4)*(x + -94) is divided by y(8)?
15
Let x(r) = -r**2 + 4*r + 4. Let c be x(4). Suppose 25 = -9*t + c*t. What is the remainder when 14 is divided by (t/(-2))/((-2)/(-4))?
4
Suppose 13*k - 15*k - 4*m = -42, -3*k + 2*m + 39 = 0. Suppose 99 = c + c - 5*w, 4*c - 180 = 4*w. What is the remainder when c is divided by k?
12
Suppose -43 = -4*k + 2*w + 347, -k + 90 = -3*w. What is the remainder when k is divided by 17?
14
Suppose -16 - 164 = -5*q. What is the remainder when q is divided by 13?
10
Let q be (-4)/6 - 6/(-9). Suppose -a + 10 = a + 3*o, q = -4*a + 4*o + 20. What is the remainder when 18 is divided by a?
3
Let r = 93 + -46. Let o(k) = -k**3 - 4*k**2 - 3*k + 4. Calculate the remainder when r is divided by o(-4).
15
Supp